{"id":1913,"date":"2022-10-26T10:04:11","date_gmt":"2022-10-26T10:04:11","guid":{"rendered":"https:\/\/talansichten.de\/home\/?page_id=1913"},"modified":"2022-10-26T10:09:40","modified_gmt":"2022-10-26T10:09:40","slug":"kontakt","status":"publish","type":"page","link":"https:\/\/talansichten.de\/home\/kontakt\/","title":{"rendered":"Kontakt"},"content":{"rendered":"<p>Roland Kaiping<br \/>\nLaurentiusstra\u00dfe 18<br \/>\n42103 Wuppertal<\/p>\n<p>post@talansichten.de<\/p>\n<p>&nbsp;<\/p>\n<p><img loading=\"lazy\" decoding=\"async\" class=\"alignnone wp-image-1914 size-medium\" src=\"https:\/\/talansichten.de\/home\/wp-content\/uploads\/2022\/10\/DSC_4453-L01a-600-300x200.jpg\" alt=\"\" width=\"300\" height=\"200\" \/><\/p>\n<p><strong>Roland Kaiping<\/strong><br \/>\nJahrgang 1967.<br \/>\nWahl-Wuppertaler.<br \/>\nGeb\u00fcrtiger Ostwestfale.<br \/>\nGrafiker.<br \/>\nFu\u00dfg\u00e4nger.<br \/>\nZeichnet manchmal.<br \/>\nMalt nicht.<br \/>\nFotografiert.<\/p>\n","protected":false},"excerpt":{"rendered":"<p>Roland Kaiping Laurentiusstra\u00dfe 18 42103 Wuppertal post@talansichten.de &nbsp; Roland Kaiping Jahrgang 1967. Wahl-Wuppertaler. Geb\u00fcrtiger Ostwestfale. Grafiker. Fu\u00dfg\u00e4nger. Zeichnet manchmal. Malt nicht. Fotografiert.<\/p>\n","protected":false},"author":2,"featured_media":0,"parent":0,"menu_order":0,"comment_status":"closed","ping_status":"closed","template":"","meta":{"_et_pb_use_builder":"","_et_pb_old_content":"","_et_gb_content_width":"","footnotes":""},"class_list":["post-1913","page","type-page","status-publish","hentry"],"_links":{"self":[{"href":"https:\/\/talansichten.de\/home\/wp-json\/wp\/v2\/pages\/1913","targetHints":{"allow":["GET"]}}],"collection":[{"href":"https:\/\/talansichten.de\/home\/wp-json\/wp\/v2\/pages"}],"about":[{"href":"https:\/\/talansichten.de\/home\/wp-json\/wp\/v2\/types\/page"}],"author":[{"embeddable":true,"href":"https:\/\/talansichten.de\/home\/wp-json\/wp\/v2\/users\/2"}],"replies":[{"embeddable":true,"href":"https:\/\/talansichten.de\/home\/wp-json\/wp\/v2\/comments?post=1913"}],"version-history":[{"count":5,"href":"https:\/\/talansichten.de\/home\/wp-json\/wp\/v2\/pages\/1913\/revisions"}],"predecessor-version":[{"id":1920,"href":"https:\/\/talansichten.de\/home\/wp-json\/wp\/v2\/pages\/1913\/revisions\/1920"}],"wp:attachment":[{"href":"https:\/\/talansichten.de\/home\/wp-json\/wp\/v2\/media?parent=1913"}],"curies":[{"name":"wp","href":"https:\/\/api.w.org\/{rel}","templated":true}]}}